 6*a - 6. What is the remainder when d is divided by i(-3)?
10
Let y = 8 + 27. Let b(o) = 44*o + 68. What is the remainder when b(0) is divided by y?
33
Suppose -b = -2*b - 118. Let k = b + 170. Suppose 0*s - 4*s = -k. Calculate the remainder when 25 is divided by s.
12
Let b(j) = 14*j - 9. Calculate the remainder when 73 is divided by b(2).
16
Let v = -1 + 1. Suppose 5*w - 4*l + 11 = v, 0 = -4*w + 3*l - 2*l. Suppose 2 + w = p. What is the remainder when 8 is divided by p?
2
Let x(j) = -j - 4. Let c be x(-6). Suppose 29*h - 456 = 10*h. Calculate the remainder when h is divided by (-2 + 4)/(c/13).
11
Let l(d) = d**2 - 11*d + 6. Let b be l(10). Let x(z) = z**2 - z + 2. Calculate the remainder when 41 is divided by x(b).
19
Suppose 2*y - 38 - 28 = 0. What is the remainder when y is divided by 9?
6
Let t be ((-10)/(-4))/5*8. Let s = 9 - t. Calculate the remainder when 14 is divided by s.
4
Calculate the remainder when 208 is divided by (-6 + 8)/1*15.
28
Let b(r) = r**2 - r + 5. Let a be b(0). Let t(c) = c**3 - 5*c**2 + 4. Let f be t(a). Suppose -f*y = -6*y + 34. What is the remainder when 32 is divided by y?
15
Suppose z + 8*s = 5*s - 4, 4*z - 2*s - 54 = 0. What is the remainder when ((-9)/(-2) - 5)*-42 is divided by z?
10
Suppose -4*p - 3 = 5. Let h be ((-1)/p)/((-2)/16). Let j(t) = -5*t - 3. What is the remainder when j(h) is divided by 6?
5
Suppose -2*y - y - 4 = 2*q, 0 = -y + 2*q + 12. Suppose -144 = -34*w + 10*w. What is the remainder when w is divided by y?
0
Let n be 7/3 - 3/9. Suppose -3*h - p + 41 = -0*h, 38 = n*h - 2*p. Let t(s) = 5*s**2 + s + 2. Calculate the remainder when t(-3) is divided by h.
14
Let t(o) = -13*o**3 + o. What is the remainder when t(-1) is divided by 8?
4
Let j(m) = 49*m + 1. Let f be (5 - 3)/(2 + -1). Let d be j(f). Let c = d + -64. What is the remainder when c is divided by 18?
17
Calculate the remainder when 49 is divided by (-16)/(-56) + 346/14.
24
Let o(w) = -10*w + 5. Let a be o(-5). Suppose 5*m = 35 + a. Calculate the remainder when (-3)/(-15) + 169/5 is divided by m.
16
Suppose 5*l + 249 = 4*q, 60 = -2*q + 3*q + l. Calculate the remainder when q is divided by 16.
13
Let o = 87 + 9. Suppose 4*y + 0*y = o. Calculate the remainder when 71 is divided by y.
23
Let d(c) = c**3 + 7*c**2 + 7*c + 2. Let o = 8 - 13. What is the remainder when 33 is divided by d(o)?
16
Let y be 116/(-3)*6/4. Let j = 136 + y. What is the remainder when j is divided by 20?
18
Suppose 3*a + 6 - 21 = 0. What is the remainder when 14 is divided by a?
4
Let a be (11/(-33))/((-2)/30). Suppose -4*d = a*w - 32, -2*d - 4 + 6 = -w. What is the remainder when 13 is divided by d?
1
Let b(t) = -t**3 - 19*t**2 + 23*t + 69. Suppose -5*j - 110 = -5*q + 10, 0 = 5*q + 4*j - 138. Calculate the remainder when q is divided by b(-20).
8
Let b(r) = -r**2 + 10*r - 10. Calculate the remainder when 40 is divided by b(4).
12
Let r = -33 + 70. Calculate the remainder when 73 is divided by r.
36
Suppose 0 = 4*q + 5*w + 14 - 431, 2*w = -2*q + 206. Calculate the remainder when q is divided by 33.
32
Suppose 0 = -6*v + 15*v - 414. What is the remainder when 181 is divided by v?
43
Let x = 138 + -18. Let k = -86 + x. Calculate the remainder when k is divided by 12.
10
Suppose -4*x + 73 = i - 84, -4*x + 172 = 4*i. Calculate the remainder when x is divided by 14/(-28)*13*1*-2.
12
Calculate the remainder when 47 is divided by 12*(8/(-2))/(1*-2).
23
Suppose -5*p + 2*y = -48, -p - 2*y - y = -13. Suppose 4*z - 161 = w - 44, 4*w + 4 = 0. Calculate the remainder when z is divided by p.
9
Let t(m) = m**2 + 15*m - 25. Suppose 2*o - 2*x = -o + 14, -o = 2*x - 2. Calculate the remainder when t(-17) is divided by o.
1
Let s be (-238 - 0)*(-1)/2. Suppose 3*h = 28 + s. Calculate the remainder when h is divided by 10.
9
Suppose -m + 4*m + 174 = 0. Let b = m + 10. What is the remainder when 53 is divided by (7/(-4))/(6/b)?
11
Suppose 0 = -4*x + 31 + 17. Calculate the remainder when x is divided by (7*1 + 0)*1.
5
Let y = 1 + 14. Let j be (-14)/(-5) + 3/y. Suppose -5*u = -j*q + 5*q - 48, -2*u - 120 = -4*q. Calculate the remainder when q is divided by 15.
14
Let a(x) = -x**3 - 7*x**2 - 2*x + 7. Let h = -4 - 3. What is the remainder when 81 is divided by a(h)?
18
Calculate the remainder when 91 is divided by 6/24 - 123/(-4).
29
Let m(i) = i + 12. Calculate the remainder when 5/((-5)/(-2)) - -33 is divided by m(0).
11
Let h = 85 + -82. Let z(d) = d - 3. Suppose -4*p - 4*a + 20 = 0, -4*p = 2*a - 4*a - 20. Calculate the remainder when h is divided by z(p).
1
Let y(k) = -k - 3. Suppose 5*v + 51 = -4*z, 2*v = 3*v - 5*z - 13. Let f be y(v). Suppose -f*q - q = -15. Calculate the remainder when 7 is divided by q.
1
Let h(f) = -f**3 + f - 1. Let k(j) = 7*j**3 + 7*j**2 - j + 6. Let y(z) = 6*h(z) + k(z). Let m = -4 - -15. Calculate the remainder when m is divided by y(-6).
5
Let r(y) = 7*y**2 - 3*y + 4. What is the remainder when 49 is divided by r(2)?
23
Suppose -6*u = -u + 25, -s - 4*u = 15. Calculate the remainder when 18 is divided by s.
3
Let d(v) = 37*v + 191. Let c = 74 - 45. Calculate the remainder when c is divided by d(-5).
5
Let c(m) = -m**3 + 5*m**2 + 3*m - 3. Let o = 2 - -3. Calculate the remainder when 46 is divided by c(o).
10
Let n = 149 - 75. Calculate the remainder when n is divided by 19.
17
Suppose -2*p - 9 = -5*p. Suppose 0 = p*m - m - 18. Calculate the remainder when 26 is divided by m.
8
Let h(z) = z**2 - 2*z + 3. Let m be h(3). Let w be (m/(-5))/((-6)/60). Calculate the remainder when 38 is divided by ((-52)/w)/(1/(-3)).
12
Let k(f) = f**3 + f**2 - f. Let j(u) = -2*u**3 - 7*u**2 + u - 2. Let v(l) = -j(l) - k(l). Calculate the remainder when v(-5) is divided by 142/10 + 1/(-5).
13
Calculate the remainder when 48 is divided by (68/(-6))/((-2)/3).
14
Suppose -2*f + 2 = k, 1 - 2 = -2*k - 5*f. What is the remainder when 14 is divided by k?
6
Let d(h) = 3*h**2 - 9*h - 4. Calculate the remainder when 39 is divided by d(4).
7
Suppose 0 = 2*a - 5*a + 6. Suppose -o - d + 82 = a*d, 2*o + d - 139 = 0. Let s(l) = l**2 - 6*l - 4. Calculate the remainder when o is divided by s(9).
21
Suppose 5*t = -3*w + 28, -2*t - 2*w + 5*w = -28. Let j(f) = f - 3. Let n be j(t). Suppose 3 = 4*k - n. Calculate the remainder when k is divided by 2.
0
Suppose 5*x - 6 = 2*r, 8*r = 4*r + 5*x - 2. Let u(b) = -b - 4 - 2*b - r*b. Calculate the remainder when u(-6) is divided by 14.
12
Let r = 0 - -2. Let g(m) = 29*m**2 - m + 1 + r*m**3 - 29*m**2. What is the remainder when 4 is divided by g(1)?
0
Let s = 54 + -26. Let u be (-4)/2*6/(-4). Suppose -5*g = u*a - 20 - 18, 60 = 4*g - 5*a. What is the remainder when s is divided by g?
8
Suppose 0*w - w + 10 = 0. Let z = w - 2. What is the remainder when 22 is divided by z?
6
Suppose 3*w = 28 + 38. What is the remainder when w is divided by (-60)/(-8)*(-1 + 26/10)?
10
Let g(i) = -2 + i**3 + 5 - 3*i + 5 + 13*i**2 + 0. What is the remainder when g(-13) is divided by ((-16)/(-2))/((-2)/(-4))?
15
Let y(p) = -2*p**2 - 51*p - 12. What is the remainder when 89 is divided by y(-25)?
11
Suppose 0 = 2*v - v + 5. Let u(w) = w**2 - 5*w + 34. Let b(i) = -i. Let k(o) = v*b(o) + u(o). What is the remainder when k(0) is divided by 18?
16
Suppose -4 = j, 4*a + 2*j + 0 = 4. Calculate the remainder when 4 is divided by a.
1
Let k = 9 - -4. Suppose 0 = -3*x + k + 5. Let d(s) = -s**3 + 6*s**2 + 3*s - 5. What is the remainder when d(x) is divided by 5?
3
Let u(x) = -2*x - 3. Let f(z) = z**3 - 3*z**2 - 2*z - 4. Calculate the remainder when u(-7) is divided by f(4).
3
Let x be (-28)/(2*(-2)/4). Suppose 8*w = 3*w + 20. Suppose 0 = -w*i - 4*v + 52, -4*i - 2*v + x = -4*v. What is the remainder when 35 is divided by i?
8
Suppose -5*v = 2*x - 44, 3*x - 21 = -3*v - 0*x. What is the remainder when 37 is divided by v?
7
Suppose -12 = -2*v + 2*c, -4*v + 2*c - 4*c = 0. Suppose 3 - v = n. What is the remainder when (4 + -5)*(-1 + 0) is divided by n?
0
Let t(j) = j**2 - 4*j + 9. What is the remainder when 80 is divided by t(6)?
17
Suppose -4*l = -2*o - 9*l + 18, 26 = 5*o + 3*l. Suppose 0 = -3*j - 6*t + 3*t + 45, -4*j + o*t = -100. Calculate the remainder when 39 is divided by j.
19
Let l(n) = n**3 + 9*n**2 - 9*n + 5. Let c be l(-10). Let d = 4 + 19. Let b = c + d. What is the remainder when b is divided 